 + 14*c(u). Calculate t(4).
-10
Let q(s) = s**2 - 4*s + 4. Let a be q(4). Let l(z) = 6*z - 75. Let g be l(13). Let n(j) = 0 - 31*j**3 - 2*j - g*j**2 + 32*j**3 - 5. Calculate n(a).
3
Let p(s) = s + 1. Let n(b) = 6*b + 15. Let y(k) = -n(k) + 5*p(k). Let w be y(-12). Let q(l) = 0*l**w + 3*l**2 + 8 - 5*l**2 - 4*l + l**2. Determine q(-6).
-4
Let f(t) be the third derivative of -t**6/120 + t**5/15 + t**4/8 + 7*t**3/6 + 24*t**2. Let h be 43/9 + 2/9. What is f(h)?
-3
Let d(g) = g**2 + 5*g + 5. Let l be 3/(6/(-10))*(-162)/(-135). Determine d(l).
11
Let w(n) = -8*n + 55. Let q(t) = -9*t + 61. Let j(d) = 4*q(d) - 5*w(d). What is j(7)?
-3
Let u = -33 - -19. Let x be (-13)/39*(u + -1). Suppose -2*p - x*z - 8 = 0, 0*p - 12 = 3*p + 5*z. Let a(r) = 2*r**2 + 6*r + 1. Calculate a(p).
9
Let w(t) = t**2 - 5*t. Let y(x) = 5*x**3 + 15*x**2 - 4*x - 8. Let r be y(-3). Give w(r).
-4
Let l(z) = -5*z. Suppose -3*s = s - 60. Suppose -3*k + 11*k = 112. Let m = s - k. Determine l(m).
-5
Let m(g) be the second derivative of -g**4/12 - g**3 + 7*g**2/2 + 5*g + 1. Calculate m(-5).
12
Let z(f) = 7*f**2 + f**3 + 4*f + 14*f**2 - 15*f**2 + f - 3. Let c be 1 - 1 - 18/(-3). Let w be ((-20)/6)/(c/9). Calculate z(w).
-3
Let a(r) = 3*r**2 - 10*r + 11. Let d(h) = -h**2 - 1. Let p(f) = -a(f) - 2*d(f). Suppose 0 = 4*j - 5 - 15. Let m(q) = -2*q + 16. Let l be m(j). Calculate p(l).
15
Let b(a) be the first derivative of -1/4*a**4 + 5 + a**3 + 3*a - a**2. Determine b(2).
3
Suppose 8 = -3*g + 4*g - 4*m, -2*g + 6 = -3*m. Suppose g = -4*i - 0*i - 20. Let l(c) = -c. Let s(d) = 4. Let q(h) = 2*l(h) - s(h). Determine q(i).
6
Suppose l + 2*k = -7, 8*l - 3*l - 2*k - 25 = 0. Let f be (2/(-4))/(5/(-90)*l). Let y(x) = x**3 - x**2 - 4*x + 1. Determine y(f).
7
Let z(u) be the second derivative of -u**7/1260 - u**6/360 + u**5/120 + 7*u**4/12 - 13*u. Let s(i) be the third derivative of z(i). Give s(-2).
-3
Let q(a) = a**2 + a + 2. Let c be q(0). Let j be 28/(2 + 0) - c. Suppose -2*o - j = -4*o. Let h(n) = -n**3 + 7*n**2 - 5*n - 5. Give h(o).
1
Suppose 17*v - 18*v = -6. Let p(x) = x**2 - 9*x + 4. What is p(v)?
-14
Let k(j) = j**3 + 5*j**2 - 5*j - 9. Let p be 1/(-3)*16 - 4/6. What is k(p)?
-15
Let h(o) = -o**2 + o + 1. Let l(u) = -2*u**3 - u**2 + u + 2. Let w(n) = n**2. Let i be w(-1). Let s(v) = i*l(v) + h(v). Give s(-2).
7
Let j(b) = 2*b + 26. Let y(h) = 1. Let r(o) = -j(o) + 12*y(o). Let c be r(-9). Let i(n) = n**3 + 3*n**3 - 3*n**3 + 4*n - 5*n**2. Determine i(c).
0
Let m(g) be the second derivative of -g**3 - 2*g**2 - 3*g - 32. What is m(-3)?
14
Let p = -5 + -18. Let o = -31 - p. Let q(z) = z + 6. Calculate q(o).
-2
Let z be -3*(0 + 1)*(-6)/9. Let m(o) = 7*o**3 - 6*o**3 + 2 - 2*o**2 - 6*o**z - 5 + 8*o. Give m(7).
4
Let n(w) = -w**3 + 24*w**2 - 17*w - 146. Let j be n(23). Let y(p) = -p**3 - 7*p**2 + 7*p - 10. Calculate y(j).
-2
Let u(v) = -6*v**3 + 3*v**2 - v - 1. Let j be u(1). Let s(n) be the first derivative of n**4/4 + 2*n**3 + 7*n**2/2 + 4*n + 1. Calculate s(j).
-6
Let o(w) = 1 + 1 + w + 15 - 8. Determine o(-11).
-2
Let r(h) = 5*h**3 - 23*h**2 - 4*h - 5. Let o(f) = f**3 - f**2 - f. Let p(j) = 4*o(j) - r(j). What is p(19)?
5
Let h be ((-27)/15)/(27/(-90)). Let b(p) = 2*p - 6. Let t(f) = f + 1 + 2 - 6. Let r(k) = 6*b(k) - 11*t(k). Calculate r(h).
3
Let l(o) be the third derivative of 1/30*o**5 + 0 - 32*o**2 + 0*o + 1/120*o**6 + 0*o**4 - 1/6*o**3. Let i = -1 - 0. Determine l(i).
0
Let b(g) = 32*g - 5. Let f(j) = 67*j - 11. Let s(y) = -5*b(y) + 2*f(y). Determine s(2).
-49
Let g(q) = -12*q - 5. Let m be g(-1). Let u(z) = 3*z + m*z - 7*z. What is u(4)?
12
Let j(l) be the third derivative of 1/60*l**5 + 0 + 23*l**2 + 0*l - 3/8*l**4 - 3/2*l**3. Calculate j(9).
-9
Suppose 4*h - 200 = 2*h. Let k(g) = 2*g - g**2 + 79 - h - g. Determine k(0).
-21
Let f(i) = 1 + i**2 - 4*i**2 - 8*i**3 + 13*i**3 - 6*i**3. Let q be (-8)/20 + (-8)/5. Give f(q).
-3
Let l(b) = 17*b + 36. Let n(y) = 8*y + 17. Let g(x) = 4*l(x) - 9*n(x). Calculate g(-7).
19
Let t(d) = d**2 + 12*d + 14. Let b(h) = -2*h**3 - 37*h**2 - 19*h - 28. Let s be b(-18). Determine t(s).
-6
Let u(m) = -3*m**3 - 5*m**2 + 3*m + 14. Let v(o) = 4*o**3 + 4*o**2 - 2*o - 15. Let y(b) = -5*u(b) - 4*v(b). What is y(8)?
-2
Let z(p) be the first derivative of p**2/2 + p - 1. Let q(k) = 9 + 16*k - 6 - 8*k. Let d be q(-1). Determine z(d).
-4
Let t(a) be the first derivative of -a**3/3 - 4*a**2 - 4*a - 22. Let s be (4*2)/(4 - 5). What is t(s)?
-4
Let v(a) = 10*a + 3*a + 30 - 10*a + 15 + 33. Calculate v(-23).
9
Let t(k) = 50 - 107 + 54 + 3*k. What is t(2)?
3
Suppose -32 = 5*q + 8. Let f(g) = 3*g + 10. Determine f(q).
-14
Suppose 2*u = 4*h - 26, u + 4*h - 31 = 4*u. Let t(i) = i**3 + 5*i**2 + 4*i - 2. Determine t(u).
-22
Let y(k) be the first derivative of k**4/4 - 5*k**3/3 + k**2/2 + 2*k - 274. Give y(5).
7
Let r be 0/(-2) + 2 + 0. Let o(n) = 0 - 2*n - r - 4. Let v(p) = -p**3 + p + 55. Let f be v(4). Determine o(f).
4
Let q = -267 + 272. Let w(v) = -4*v**2 + 2*v - 4. Let i(l) = 3*l**2 - l + 3. Let d(o) = 5*i(o) + 4*w(o). Calculate d(q).
-11
Let q be 171/5 - ((-4)/5 - 0). Suppose -10*r - q = -3*r. Let t(y) = -2*y - 4. Determine t(r).
6
Let b = -124 + 143. Let r(u) = -2*u + 36. Determine r(b).
-2
Let p = 446 - 444. Let r(n) be the second derivative of -1/20*n**5 - 1/3*n**4 + 0 + 4*n - n**p - 1/3*n**3. Determine r(-4).
6
Let t(i) = 98 + i - 45 - 52. Suppose 2 = d - 7. Give t(d).
10
Let x(b) = 47*b + 21. Let r(d) = 86*d + 39. Let v(f) = 6*r(f) - 11*x(f). Suppose -h + 12 = -5*h. Calculate v(h).
6
Let g(a) be the first derivative of 15*a**4/4 + a**2/2 - 233. What is g(1)?
16
Suppose -6*o + 2 = -4*o. Let c(a) = -o - 3*a + 2 - 2*a + 6*a. Determine c(-4).
-3
Let t(i) be the first derivative of -2*i**3/3 + i**2/2 - 12*i - 3. Let a(d) be the first derivative of t(d). Give a(1).
-3
Let s(p) be the first derivative of p**7/840 - p**6/36 - 7*p**4/24 - 8*p**3 - 14. Let d(y) be the third derivative of s(y). Give d(10).
-7
Let w(g) = g**3 - 8*g**2 - 9*g + 2. Let b be 5/4 + (-2)/((-72)/279). What is w(b)?
2
Let o(a) be the second derivative of -a**4/6 - a**3/3 + 2*a**2 - a. Suppose -2*h + 7*p - 5*p = -4, 3*p = 2*h - 9. Determine o(h).
-8
Let j(w) = -w**3 - 8*w**2 + w + 8. Let m be j(-8). Suppose -2*d - 4 + 10 = m. Suppose -d*s - 3 = 12. Let c(f) = -f**2 - 5*f - 4. Determine c(s).
-4
Let b(u) = -5*u + 35. Let o(y) be the second derivative of y**3/6 - 7*y**2/2 - y. Let c(x) = -2*b(x) - 11*o(x). Let l = -29 + 29. Calculate c(l).
7
Let a(b) = -7*b + 10. Let o(m) = -15*m + 20. Let v(f) = 13*a(f) - 6*o(f). Calculate v(7).
3
Let x be (-15)/(-1) + ((-24)/4)/(-3). Let w(l) = -l + 25. Calculate w(x).
8
Let s = 12 + -14. Let d(u) = -77*u + 2*u**2 - 3*u**2 + 0*u**2 + 74*u - 1 - u**3. Determine d(s).
9
Suppose 0 = 2*w - 0*w - 14. Let d(h) = -3*h**3 + 5*h**2 + 2*h**3 - 323 + w*h + 322. Calculate d(6).
5
Suppose 35*z = 39*z - 20. Let h(v) = v - 5*v + z*v. Calculate h(-1).
-1
Let o(m) = m**3 + m**2 - m + 1. Let b(s) = -3*s**3 + 3*s**2 - 3*s - 5. Let x(v) = -b(v) - 2*o(v). Let l be (-195)/(-78)*(2/(-5) + 2). Determine x(l).
7
Let t = -12 - -17. Let w be (t + -1 - 2) + -1. Let m(l) = 132*l**2 + 4*l - 135*l**2 - 4*l. Calculate m(w).
-3
Let o(d) = -d**3 - 6*d**2 + d + 6. Let l be 18/4*(0 + (-12)/(-18)). Suppose 2*f + 12 = f + l*w, 8 = 4*w. Calculate o(f).
0
Suppose -4*u + 31 = 5*d, 0 = 31*d - 30*d + u - 7. Let p(k) = -k**2 + 5*k - 2. Calculate p(d).
4
Let f(k) be the first derivative of -5/2*k**2 + 1/3*k**3 - 7 + 4*k. Let n(v) = -v**3 + 4*v**2 + 5*v + 3. Let s be n(5). What is f(s)?
-2
Let s(u) = u**2 + u - 8. Let m be 3/84*-4 + 1/7. What is s(m)?
-8
Let a(w) = -2*w**2 + 49*w - 20. Let y be 434/18 - 30/270. Determine a(y).
4
Let a(h) = 4*h**2 + 1. Let k = 103 + 6. Let j = -108 + k. Calculate a(j).
5
Let x be 9/6*4/(-3). Let s(u) be the second derivative of -u**4/6 - u**3/6 - u**2/2 + u - 8. What is s(x)?
-7
Let j(c) be the first derivative of -c**7/840 - c**6/60 - c**5/40 + 5*c**4/24 - 4*c**3/3 + 1. Let n(d) be the third derivative of j(d). Calculate n(-5).
-5
Let a(c) be the third derivative of c**5/20 - c**4/12 - 2*c**3 - 5*c**2 + 36*c. What is a(4)?
28
Let o(j) = 3*j**2 - 1. Let b(w) = 5*w**2 - w - 3. Let u(l) = -4*b(l) + 7*o(l). Let t be u(-2). Let k(h) = -13*h**2 - 1. Calculate k(t).
-14
Let w(i) be the seco